{"id":11,"date":"2017-03-21T18:34:58","date_gmt":"2017-03-21T17:34:58","guid":{"rendered":"http:\/\/zufluchtswohnungen.frauenzimmer-ev.de\/wohnen-bei-frauenzimmer-2\/?page_id=11"},"modified":"2017-04-27T12:25:52","modified_gmt":"2017-04-27T10:25:52","slug":"frau-a","status":"publish","type":"page","link":"http:\/\/zufluchtswohnungen.frauenzimmer-ev.de\/wohnen-bei-frauenzimmer-2\/frau-a\/","title":{"rendered":"Frau A."},"content":{"rendered":"<p><img loading=\"lazy\" decoding=\"async\" class=\"aligncenter wp-image-151\" src=\"http:\/\/zufluchtswohnungen.frauenzimmer-ev.de\/wohnen-bei-frauenzimmer-2\/wp-content\/uploads\/sites\/3\/2017\/03\/balkon.jpg\" alt=\"\" height=\"200\" width=\"600\" srcset=\"http:\/\/zufluchtswohnungen.frauenzimmer-ev.de\/wohnen-bei-frauenzimmer-2\/wp-content\/uploads\/sites\/3\/2017\/03\/balkon.jpg 900w, http:\/\/zufluchtswohnungen.frauenzimmer-ev.de\/wohnen-bei-frauenzimmer-2\/wp-content\/uploads\/sites\/3\/2017\/03\/balkon-300x100.jpg 300w, http:\/\/zufluchtswohnungen.frauenzimmer-ev.de\/wohnen-bei-frauenzimmer-2\/wp-content\/uploads\/sites\/3\/2017\/03\/balkon-768x256.jpg 768w\" sizes=\"(max-width: 600px) 100vw, 600px\" \/><\/p>\n<p>&nbsp;<\/p>\n<hr>\n<p style=\"text-align: center;\">Frau A. kam vor 9 Jahren nach Deutschland. Im letzten Jahr zieht sie f\u00fcr drei Monaten bei Frauenzimmer e.V. ein.<br \/>\nInzwischen wohnt sie mit ihrer Tochter in einer eigenen Wohnung und f\u00fchrt ein unabh\u00e4ngiges selbst\u00e4ndiges Leben.<\/p>\n<p style=\"text-align: center;\">Den weiten schweren Weg dahin hat sie uns geschildert.<\/p>\n<hr>\n<p>&nbsp;<\/p>\n<h2 style=\"text-align: center;\">Audiofeature<\/h2>\n<p style=\"text-align: center;\"><iframe loading=\"lazy\" src=\"https:\/\/w.soundcloud.com\/player\/?url=https%3A\/\/api.soundcloud.com\/tracks\/313754624%3Fsecret_token%3Ds-fntr1&amp;auto_play=false&amp;hide_related=false&amp;show_comments=true&amp;show_user=true&amp;show_reposts=false&amp;visual=true\" scrolling=\"no\" frameborder=\"no\" height=\"100\" width=\"50%\"><\/iframe><\/p>\n<p style=\"text-align: center;\">Sprecherin: Solveig Wagenh\u00e4user<\/p>\n","protected":false},"excerpt":{"rendered":"<p>&nbsp; Frau A. kam vor 9 Jahren nach Deutschland. Im letzten Jahr zieht sie f\u00fcr drei Monaten bei Frauenzimmer e.V. ein. Inzwischen wohnt sie mit ihrer Tochter in einer eigenen Wohnung und f\u00fchrt ein unabh\u00e4ngiges selbst\u00e4ndiges Leben. Den weiten schweren Weg dahin hat sie uns geschildert. &nbsp; Audiofeature Sprecherin: Solveig Wagenh\u00e4user<\/p>\n","protected":false},"author":1,"featured_media":0,"parent":0,"menu_order":3,"comment_status":"closed","ping_status":"closed","template":"template-about.php","meta":{"_acf_changed":false,"inline_featured_image":false,"ngg_post_thumbnail":0,"footnotes":""},"acf":[],"_links":{"self":[{"href":"http:\/\/zufluchtswohnungen.frauenzimmer-ev.de\/wohnen-bei-frauenzimmer-2\/wp-json\/wp\/v2\/pages\/11"}],"collection":[{"href":"http:\/\/zufluchtswohnungen.frauenzimmer-ev.de\/wohnen-bei-frauenzimmer-2\/wp-json\/wp\/v2\/pages"}],"about":[{"href":"http:\/\/zufluchtswohnungen.frauenzimmer-ev.de\/wohnen-bei-frauenzimmer-2\/wp-json\/wp\/v2\/types\/page"}],"author":[{"embeddable":true,"href":"http:\/\/zufluchtswohnungen.frauenzimmer-ev.de\/wohnen-bei-frauenzimmer-2\/wp-json\/wp\/v2\/users\/1"}],"replies":[{"embeddable":true,"href":"http:\/\/zufluchtswohnungen.frauenzimmer-ev.de\/wohnen-bei-frauenzimmer-2\/wp-json\/wp\/v2\/comments?post=11"}],"version-history":[{"count":17,"href":"http:\/\/zufluchtswohnungen.frauenzimmer-ev.de\/wohnen-bei-frauenzimmer-2\/wp-json\/wp\/v2\/pages\/11\/revisions"}],"predecessor-version":[{"id":164,"href":"http:\/\/zufluchtswohnungen.frauenzimmer-ev.de\/wohnen-bei-frauenzimmer-2\/wp-json\/wp\/v2\/pages\/11\/revisions\/164"}],"wp:attachment":[{"href":"http:\/\/zufluchtswohnungen.frauenzimmer-ev.de\/wohnen-bei-frauenzimmer-2\/wp-json\/wp\/v2\/media?parent=11"}],"curies":[{"name":"wp","href":"https:\/\/api.w.org\/{rel}","templated":true}]}}

<p><img loading="lazy" decoding="async" class="aligncenter wp-image-151" src="http://zufluchtswohnungen.frauenzimmer-ev.de/wohnen-bei-frauenzimmer-2/wp-content/uploads/sites/3/2017/03/balkon.jpg" alt="" height="200" width="600" srcset="http://zufluchtswohnungen.frauenzimmer-ev.de/wohnen-bei-frauenzimmer-2/wp-content/uploads/sites/3/2017/03/balkon.jpg 900w, http://zufluchtswohnungen.frauenzimmer-ev.de/wohnen-bei-frauenzimmer-2/wp-content/uploads/sites/3/2017/03/balkon-300x100.jpg 300w, http://zufluchtswohnungen.frauenzimmer-ev.de/wohnen-bei-frauenzimmer-2/wp-content/uploads/sites/3/2017/03/balkon-768x256.jpg 768w" sizes="(max-width: 600px) 100vw, 600px" /></p>
<p>&nbsp;</p>
<hr>
<p style="text-align: center;">Frau A. kam vor 9 Jahren nach Deutschland. Im letzten Jahr zieht sie für drei Monaten bei Frauenzimmer e.V. ein.<br />
Inzwischen wohnt sie mit ihrer Tochter in einer eigenen Wohnung und führt ein unabhängiges selbständiges Leben.</p>
<p style="text-align: center;">Den weiten schweren Weg dahin hat sie uns geschildert.</p>
<hr>
<p>&nbsp;</p>
<h2 style="text-align: center;">Audiofeature</h2>
<p style="text-align: center;"><iframe loading="lazy" src="https://w.soundcloud.com/player/?url=https%3A//api.soundcloud.com/tracks/313754624%3Fsecret_token%3Ds-fntr1&amp;auto_play=false&amp;hide_related=false&amp;show_comments=true&amp;show_user=true&amp;show_reposts=false&amp;visual=true" scrolling="no" frameborder="no" height="100" width="50%"></iframe></p>
<p style="text-align: center;">Sprecherin: Solveig Wagenhäuser</p>

<p>&nbsp; Frau A. kam vor 9 Jahren nach Deutschland. Im letzten Jahr zieht sie für drei Monaten bei Frauenzimmer e.V. ein. Inzwischen wohnt sie mit ihrer Tochter in einer eigenen Wohnung und führt ein unabhängiges selbständiges Leben. Den weiten schweren Weg dahin hat sie uns geschildert. &nbsp; Audiofeature Sprecherin: Solveig Wagenhäuser</p>
