{"id":34,"date":"2017-03-24T12:58:58","date_gmt":"2017-03-24T11:58:58","guid":{"rendered":"http:\/\/zufluchtswohnungen.frauenzimmer-ev.de\/arbeiten-bei-frauenzimmer\/?page_id=34"},"modified":"2017-04-27T11:41:40","modified_gmt":"2017-04-27T09:41:40","slug":"infos-adressen","status":"publish","type":"page","link":"http:\/\/zufluchtswohnungen.frauenzimmer-ev.de\/arbeiten-bei-frauenzimmer\/infos-adressen\/","title":{"rendered":"Infos &#038; Adressen"},"content":{"rendered":"<p>&nbsp;<\/p>\n<h3><span style=\"color: #ab0000;\"><strong>P<span style=\"color: #ab0000;\">olize<\/span>i<\/strong><\/span><\/h3>\n<p><strong>Notruf 110<br \/>\n<\/strong><br \/>\nGeh\u00f6rlose k\u00f6nnen im Notfall eine SMS oder ein Fax an die Berliner Polizei senden!<br \/>\nMerkblatt \u201e<span style=\"color: #ab0000;\"><a style=\"color: #ab0000;\" href=\"http:\/\/www.deafberlin.de\/dateien\/Notfall-SMS_Hoergeschaedigte_Merkblatt.pdf\" target=\"_blank\" rel=\"noopener noreferrer\">Notruf per SMS vom Handy<\/a><\/span>\u201c (PDF)<br \/>\n<span style=\"color: #ab0000;\"><a style=\"color: #ab0000;\" href=\"http:\/\/www.deafberlin.de\/dateien\/Notfall-SMS_Hoergeschaedigte_Merkblatt_leichte-Sprache.pdf\" target=\"_blank\" rel=\"noopener noreferrer\">Merkblatt in leichter Sprache <\/a><\/span>(PDF)<\/p>\n<hr>\n<h3><span style=\"color: #ab0000;\"><strong>Zufluchtswohnungen<\/strong><\/span><\/h3>\n<p><strong>Frauenzimmer e.V.<\/strong><br \/>\nTel.: (030) 787 50 15<\/p>\n<p><strong>Frauenort-Augusta<\/strong><br \/>\nTel.: (030) 28 59 89 77 und<br \/>\n(030) 466 00 217<br \/>\nSMS f\u00fcr geh\u00f6rlose Frauen: 0160.6663778<br \/>\n<span style=\"color: #ab0000;\"><a style=\"color: #ab0000;\" href=\"http:\/\/www.frauen-zuflucht.de\">www.frauen-zuflucht.de<\/a><\/span><\/p>\n<p><strong>ZUFF e.V.<\/strong><br \/>\nTel.: (030) 694 60 67 und<\/p>\n<p><strong>Hestia e.V.<\/strong><br \/>\nTel.: (030) 440 60 58<\/p>\n<p><strong>Matilde<\/strong><br \/>\nTel.: (030) 56 40 02 29<\/p>\n<p><strong>Interkulturelle Initiative<\/strong><br \/>\nTel. Wohnprojekt: (030) 80 10 80 10<br \/>\nTel. Frauenhaus: (030) 80 10 80 50<\/p>\n<p><strong>Flotte Lotte<\/strong><br \/>\nTel.: (030) 415 15 80 und<br \/>\n030 416 70 11<\/p>\n<p><strong>Offensiv 91 e.V.<\/strong><br \/>\nTel.: (030) 63 22 38 45 und<\/p>\n<p><strong>Paula Panke<\/strong><br \/>\nTel.: (030) 485 47 02<\/p>\n<hr>\n<h3><span style=\"color: #ab0000;\">Zufluchtswohnung\/Frauenhandel<\/span><\/h3>\n<p><strong>Ban Ying e.V.<\/strong><br \/>\nTel.: (030) 853 76 92<\/p>\n<p><strong>Ona e.V.<\/strong><br \/>\nTel.: (030) 48 09 62 81<\/p>\n<hr>\n<h3><span style=\"color: #ab0000;\">Frauenh\u00e4user<\/span><\/h3>\n<p><strong>Frauenhaus BORA <\/strong>(ein Platz f\u00fcr RollstuhlnutzerIn)<br \/>\nTel.: (030) 986 43 32<\/p>\n<p><strong>Frauenhaus Caritas<br \/>\n<\/strong>Spezielles Angebot f\u00fcr geh\u00f6rlose Frauen<br \/>\nTel.: (030) 851 10 18<\/p>\n<p><strong>2. Frauenhaus<\/strong><br \/>\nTel.: (030) 37 49 06 22<\/p>\n<p><strong>Hestia Frauenhaus<\/strong><br \/>\nTel.: (030) 559 35 31<\/p>\n<p><strong>Frauenhaus Cocon<\/strong><br \/>\nTel.: (030) 91 61 18 36<\/p>\n<p><strong>Interkulturelles Frauenhaus<\/strong><br \/>\nTel.: (030) 80 10 80 10<\/p>\n<hr>\n<h3><span style=\"color: #ab0000;\">Beratung bei h\u00e4uslicher und sexueller Gewalt<\/span><\/h3>\n<p><strong>BIG-Hotline (von 8:00 \u2013 23:00 Uhr)<\/strong><br \/>\nTelefonische Beratung in vielen Sprachen<br \/>\nOnline-Chat-Beratung und E-Mail-Beratung (webbasiert)<br \/>\nTel.: (030) 6110300<br \/>\n<span style=\"color: #ab0000;\"><a style=\"color: #ab0000;\" href=\"http:\/\/www.big-hotline.de\">www.big-hotline.de<\/a><\/span><\/p>\n<p>Mobile Intervention: Wenn die telefonische Beratung nicht ausreicht, kann eine Mitarbeiterin auch vor Ort beraten. Dieses Angebot richtet sich an Traumatisierte und Frauen, die in ihrer Mobilit\u00e4t eingeschr\u00e4nkt sind und Hilfe bei den weiteren Schritten brauchen.<\/p>\n<p><strong>Bundesweites Hilfetelefon &#8222;Gewalt gegen Frauen&#8220;&nbsp;(rund um die Uhr)<\/strong><br \/>\nTelefonische kostenlose Beratung und Onlineberatung zu allen Themen, die Gewalt gegen Frauen betrifft in vielen Sprachen, auch f\u00fcr Geh\u00f6rgesch\u00e4digte und Geh\u00f6rlose, anonym.<br \/>\nBundesweit 08000 116 016<br \/>\n<span style=\"color: #ab0000;\"><a style=\"color: #ab0000;\" href=\"http:\/\/www.hilfetelefon.de\">www.hilfetelefon.de<br \/>\n<\/a><\/span><br \/>\nVon Gewalt betroffene Frauen aus dem gesamten Bundesgebiet erhalten kostenlos und anonym unter der Telefonnummer Hilfe und Beratung rund um die Uhr und barrierefrei. Das Angebot richtet sich an Frauen, die Gewalt erleben, Fachkr\u00e4fte und an Unterst\u00fctzer und Unterst\u00fctzerinnen: h\u00e4usliche Gewalt, Zwangsheirat, Zwangsprostitution, Vergewaltigung, Cybergewalt, sexuelle Bel\u00e4stigung am Arbeitsplatz, Stalking.<br \/>\n<a href=\"https:\/\/www.bafza.de\/startseite.html\" target=\"_blank\" rel=\"noopener noreferrer\">Bundesamt f\u00fcr Familie und zivilgesellschaftliche Aufgaben<\/a><\/p>\n<p>&nbsp;<\/p>\n<p><strong>Wei\u00dfer Ring<\/strong><br \/>\nDer Wei\u00dfe Ring bietet: pers\u00f6nliche Betreuung nach einer Straftat, Hilfe bei Beh\u00f6rden, Erholungsprogramme, einen Beratungsscheck f\u00fcr die kostenlose Erstberatung bei einem frei gew\u00e4hlten Anwalt, Rechtsschutz, einen Beratungsscheck f\u00fcr eine kostenlose psychotraumatologische Erstberatung bei Belastungen in Folge einer Straftat, Begleitung zu Gerichtsterminen sowie der Vermittlung von Hilfen anderer Organisationen.<br \/>\n<span style=\"color: #ab0000;\"><a style=\"color: #ab0000;\" href=\"http:\/\/www.weisser-ring.de\/internet\/opferhilfe\/\" target=\"_blank\" rel=\"noopener noreferrer\">www.weisser-ring.de\/internet\/opferhilfe\/<\/a><\/span><\/p>\n<hr>\n<h3><span style=\"color: #ab0000;\">Fachberatungs- und Interventionsstellen bei h\u00e4uslicher Gewalt in Berlin<\/span><\/h3>\n<p><strong>Frauenberatung TARA<\/strong><br \/>\nSprachen: Englisch, Spanisch, T\u00fcrkisch, Persisch<br \/>\nEbersstra\u00dfe 58<br \/>\n10827 Berlin<br \/>\nTel.: (030) 78718340<br \/>\n<span style=\"color: #ab0000;\"><a style=\"color: #ab0000;\" href=\"http:\/\/www.frauenberatung-tara.de\">www.frauenberatung-tara.de<\/a><\/span><\/p>\n<p><strong>Frauenraum<\/strong><br \/>\nTorstra\u00dfe 112<br \/>\n10119 Berlin<br \/>\nTel.: (030) 4484528<br \/>\n<span style=\"color: #ab0000;\"><a style=\"color: #ab0000;\" href=\"http:\/\/www.frauenraum.de\">www.frauenraum.de<\/a><\/span><\/p>\n<p><strong>Frauenberatung BORA<\/strong><br \/>\nSprachen: Englisch, Franz\u00f6sisch, Polnisch, Persisch und Russisch<br \/>\nBerliner Allee 130<br \/>\n13088 Berlin<br \/>\nTel.: (030) 9274707<br \/>\n<span style=\"color: #ab0000;\"><a style=\"color: #ab0000;\" href=\"http:\/\/www.frauenprojekte-bora.de\">www.frauenprojekte-bora.de<\/a><\/span><\/p>\n<p><strong>Frauentreffpunkt<\/strong><br \/>\nSelchower Str. 11<br \/>\n12049 Berlin<br \/>\nTel.: (030) 6212005<br \/>\n<span style=\"color: #ab0000;\"><a style=\"color: #ab0000;\" href=\"http:\/\/www.skf-berlin.de\" target=\"_blank\" rel=\"noopener noreferrer\">www.skf-berlin.de<\/a><\/span><\/p>\n<p><strong>Interkulturelle Initiative<\/strong><br \/>\nMartin-Buber-Str. 12<br \/>\n14135 Berlin<br \/>\nTel: (030) 80195980<br \/>\n<span style=\"color: #ab0000;\"><a style=\"color: #ab0000;\" href=\"http:\/\/www.interkulturellesfrauenhaus.de\" target=\"_blank\" rel=\"noopener noreferrer\">www.interkulturellesfrauenhaus.de<\/a><\/span><\/p>\n<hr>\n<h3><span style=\"color: #ab0000;\">Weitere Beratung und Therapie<\/span><br \/>\n<span style=\"color: #ab0000;\"> Sexuelle Gewalt, Schwangerschaft, Frauengesundheit<\/span><\/h3>\n<p><strong>LARA e.V. &#8211; Krisen und Beratungszentrum f\u00fcr vergewaltigte und sexuell bel\u00e4stigte Frauen<\/strong><br \/>\nBeratung, Gruppen, Kurzzeittherapie, Krisenintervention, E-Mail-Beratung<br \/>\nFuggerstra\u00dfe 19<br \/>\n10777 Berlin<br \/>\nSoforthilfe und Hotline (030) 216 88 88<br \/>\n<span style=\"color: #ab0000;\"><a style=\"color: #ab0000;\" href=\"http:\/\/www.lara-berlin.de\">www.lara-berlin.de<\/a><\/span><\/p>\n<p><strong>Wildwasser e.V.<\/strong><br \/>\nFrauenselbsthilfe und Beratung bei sexuellem Missbrauch (auch Online-Beratung)<br \/>\nFriesenstr. 6<br \/>\n10965 Berlin<br \/>\nTel.: (030) 693 91 92<br \/>\n<span style=\"color: #ab0000;\"><a style=\"color: #ab0000;\" href=\"http:\/\/www.wildwasser-berlin.de\">www.wildwasser-berlin.de<\/a><\/span><\/p>\n<p><strong>Familienplanungszentrum &#8211; BALANCE<\/strong><br \/>\nSchwangerschaft, Sexualberatung und Aufkl\u00e4rung, Beratung bei h\u00e4uslicher und sexueller Gewalt<br \/>\nMauritiuskirchstra\u00dfe 3<br \/>\n10365 Berlin &#8211; Lichtenberg\/Friedrichshain<br \/>\nTel: (030) 236 236 80<br \/>\n<span style=\"color: #ab0000;\"><a style=\"color: #ab0000;\" href=\"http:\/\/www.fpz-berlin.de\">www.fpz-berlin.de<\/a><\/span><\/p>\n<p><strong>Feministisches Frauengesundheitszentrum<\/strong><br \/>\nBeratungsstelle f\u00fcr gesundheitliche Folgen sexuellen Missbrauchs und sexueller Gewalt<br \/>\nBamberger Str. 51<br \/>\n10777 Berlin &#8211; Sch\u00f6neberg<br \/>\nTel.: (030) 213 95 97<br \/>\n<span style=\"color: #ab0000;\"><a style=\"color: #ab0000;\" href=\"http:\/\/www.ffgz.de\">www.ffgz.de<\/a><\/span><\/p>\n<h3><span style=\"color: #ab0000;\">Beratungsangebot speziell f\u00fcr lesbische und bisexuelle Frauen und M\u00e4dchen, Trans*, Inter* und Queers<\/span><\/h3>\n<p><strong>Lesbenberatung e.V.<\/strong><br \/>\nGeb\u00e4rdendolmetscherin m\u00f6glich<br \/>\nKulmer Str. 20a<br \/>\n10783 Berlin<br \/>\nTel.: (030) 215 20 00<br \/>\n<span style=\"color: #ab0000;\"><a style=\"color: #ab0000;\" href=\"http:\/\/www.lesbenberatung-berlin.de\">www.lesbenberatung-berlin.de<\/a><\/span><\/p>\n<hr>\n<h3><span style=\"color: #ab0000;\">Beratungsangebot speziell f\u00fcr Migrantinnen<\/span><\/h3>\n<p>Der Berliner Wegweiser richtet sich an Migrantinnen, die von h\u00e4uslicher Gewalt betroffen sind und bietet eine \u00dcbersicht \u00fcber Beratungs- und Schutzeinrichtungen und die jeweiligen Sprachangebote.<br \/>\nDownload: <span style=\"color: #ab0000;\"><a style=\"color: #ab0000;\" href=\"http:\/\/www.berlin.de\">www.berlin.de<\/a><\/span><\/p>\n<p><strong>Papatya<\/strong><br \/>\nTel.: (030) 61 00 62 (T\u00fcrkisch, Englisch und Franz\u00f6sisch)<br \/>\n<span style=\"color: #ab0000;\"><a style=\"color: #ab0000;\" href=\"http:\/\/www.sibel-papatya.org\">www.sibel-papatya.org<\/a><\/span><br \/>\nSIBEL ber\u00e4t M\u00e4dchen und junge Frauen (anonym) bei famili\u00e4ren Problemen, Gewalt in der Familie, Gewalt im Namen der &#8218;Ehre&#8216; und Zwangsverheiratung.<\/p>\n<p><strong>Der Beauftragte des Berliner Senats f\u00fcr Integration und Migration<\/strong><br \/>\nPotsdamer Stra\u00dfe 65<br \/>\n10785 Berlin &#8211; Mitte<br \/>\nTel.: (030) 90172 351<br \/>\n(H\u00e4rtefall) Beratung<\/p>\n<p><strong>Senatsverwaltung f\u00fcr Arbeit, Integration und Frauen<\/strong><br \/>\nOranienstr. 106<br \/>\n10969 Berlin<br \/>\nTel.: (030) 90 28-21 39<br \/>\nH\u00e4rtefallberatung nur nach vorheriger telefonischer Terminvereinbarung<\/p>\n<p><strong>Zentrum \u00dcberleben<\/strong><br \/>\nTurmstra\u00dfe 21<br \/>\n10559 Berlin<br \/>\nTel.: (030) 30 39 06 -0<br \/>\n<a href=\"http:\/\/www.ueberleben.org\" target=\"_blank\" rel=\"noopener noreferrer\">www.ueberleben.org<\/a><\/p>\n<hr>\n<h3><span style=\"color: #ab0000;\">Beratung speziell f\u00fcr Frauen mit Behinderungen oder chronischen Erkrankungen<\/span><\/h3>\n<p>Beachten Sie auch die telefonische und Online-Beratung der Beratungsstellen, das Notruf-Fax bzw. die SMS-Nummer der Polizei f\u00fcr Geh\u00f6rlose und die Angebote in Zufluchtswohnungen und Frauenh\u00e4usern f\u00fcr Rollstuhlnutzerinnen bzw. Frauen mit Gehbehinderungen und f\u00fcr Frauen mit Sinnesbehinderungen.<\/p>\n<p><strong>Netzwerk behinderter Frauen Berlin e.V.<\/strong><br \/>\nLeinestr. 51<br \/>\n12049 Berlin<br \/>\nTel.: (030) 617 091 67 \/ 68<br \/>\nFax: (030) 617 091 67<br \/>\n<span style=\"color: #ab0000;\"><a style=\"color: #ab0000;\" href=\"http:\/\/www.netzwerk-behinderter-frauen-berlin.de\">www.netzwerk-behinderter-frauen-berlin.de<\/a><\/span><\/p>\n<hr>\n<h3><span style=\"color: #ab0000;\">\u00c4rztliche rechtssichere Dokumentation bei h\u00e4uslicher und sexueller Gewalt\/ 1. Hilfe<\/span><\/h3>\n<p><strong>Gewaltschutzambulanz<\/strong><br \/>\nKostenlose rechtsmedizinische Untersuchung, Dokumentation und Fotodokumentation von Verletzungsfolgen in gesch\u00fctzter Atmosph\u00e4re.<br \/>\nSollten Sie sich f\u00fcr ein Strafverfahren entscheiden, ist die Dokumentation gerichtsfest.<br \/>\nEine vorherige Terminvereinbarung ist notwendig.<\/p>\n<p>Eine Rechtsmedizinische Dokumentation ist auch aufsuchend vor Ort m\u00f6glich: z.B. im Krankenhaus, Frauenhaus\/Zufluchtswohnung oder am Arbeitsplatz, nach vorheriger Vereinbarung eines Termins.<\/p>\n<p>Nach sexualisierter Gewalt kann eine Spurensicherung in den ersten 72 Stunden rund um die Uhr nach Anzeige bei der Polizei in den Rettungsstellen der Charit\u00e9 stattfinden.<\/p>\n<p>Eine vertrauliche Spurensicherung (Spurensicherung ohne polizeiliche Anzeige) nach sexualisierter Gewalt kann in den Rettungsstellen der Charit\u00e9 in den ersten 72 Stunden in der Zeit von Montag \u2013 Freitag, 8:00 \u2013 18:00 Uhr, stattfinden \u2013 vereinbaren Sie dazu unbedingt einen Termin und bringen Sie Ihre Krankenversicherungskarte mit.<\/p>\n<p><strong>Charit\u00e9 &#8211; Universit\u00e4tsmedizin Berlin<\/strong><br \/>\nGewaltschutzambulanz<br \/>\nAu\u00dfenstelle<br \/>\nTurmstr. 21\/ Haus N<br \/>\n10559 Berlin<br \/>\nTel. (030) 450 570 270<br \/>\n<span style=\"color: #ab0000;\"><a style=\"color: #ab0000;\" href=\"http:\/\/www.gewaltschutz-ambulanz.charite.de\">gewaltschutz-ambulanz.charite.de<\/a><\/span><\/p>\n<hr>\n<h3><span style=\"color: #ab0000;\">Dokumentationen erhalten sie auch in den Rettungsstellen folgender Krankenh\u00e4user:<\/span><\/h3>\n<p><strong>St. Gertrauden-Krankenhaus<\/strong><br \/>\nParetzer Str. 12<br \/>\n10713 Berlin<br \/>\nTel.: (030) 8272 0<\/p>\n<p><strong>Ev. Waldkrankenhaus<\/strong><br \/>\nStadtrandstra\u00dfe 555 &#8211; 561<br \/>\n13589 Berlin<br \/>\nTel: (030) 3702 0<\/p>\n<p><strong>Charit\u00e9 Campus Benjamin Franklin (CBF)<\/strong><br \/>\nHindenburgdamm 30<br \/>\n12203 Berlin<br \/>\nTelefon: 030 8445 &#8211; 0<\/p>\n<p><strong>Charit\u00e9 Campus Virchow-Klinikum (CVK)<\/strong><br \/>\nAugustenburger Platz 1<br \/>\n13353 Berlin<br \/>\nTelefon: 030 450 &#8211; 50<\/p>\n<hr>\n<h3><span style=\"color: #ab0000;\">Hilfe bei psychischen Krisen und Trauma<\/span><\/h3>\n<p><strong>Berliner Krisendienst \u2013 Telefonberatung (in dringenden F\u00e4llen Hausbesuche, Arzt in Rufbereitschaft)<\/strong><br \/>\n<span style=\"color: #ab0000;\"><a style=\"color: #ab0000;\" href=\"http:\/\/www.berliner-krisendienst.de\">www.berliner-krisendienst.de<\/a><\/span><\/p>\n<p>T\u00e4glich von 16.00 &#8211; 24.00 Uhr:<\/p>\n<p>Mitte, Friedrichshain-Kreuzberg<br \/>\n(030) 390 63 &#8211; 10<\/p>\n<p>Charlottenburg<br \/>\n(030) 390 63 &#8211; 20<\/p>\n<p>Spandau<br \/>\n(030) 390 63 &#8211; 30<\/p>\n<p>Pankow<br \/>\n(030) 390 63 &#8211; 40<\/p>\n<p>Reinickendorf<br \/>\n(030) 390 63 &#8211; 50<\/p>\n<p>Steglitz-Zehlendorf\/ Tempelhof-Sch\u00f6neberg<br \/>\n(030) 390 63 &#8211; 60<\/p>\n<p>Lichtenberg\/ Marzahn-Hellersdorf<br \/>\n(030) 390 63 &#8211; 70<\/p>\n<p>Treptow-K\u00f6penick<br \/>\n(030) 390 63 &#8211; 80<\/p>\n<p>Neuk\u00f6lln<br \/>\n(030) 390 63 &#8211; 90<\/p>\n<p>Nachts von 24.00 \u2013 8.00 Uhr und an Wochenenden und Feiertagen<br \/>\nTel.:(030) 390 63 00<br \/>\nWerktags von 8.00 \u2013 16.00 Uhr nur Information und telefonische Weitervermittlung<br \/>\nTel.:(030) 390 63 00<\/p>\n<p><strong>Frauenkrisentelefon (auch Online-Beratung)<\/strong><br \/>\nTel.: f\u00fcr Krisenberatung: (030) 615 42 43<br \/>\nBeratung f\u00fcr Migrantinnen: (030) 615 75 96<br \/>\n<span style=\"color: #ab0000;\"><a style=\"color: #ab0000;\" href=\"http:\/\/www.frauenkrisentelefon.de\">www.frauenkrisentelefon.de<\/a><\/span><\/p>\n<p><strong>Therapeutische Wohngemeinschaft BORA (nur f\u00fcr Frauen)<\/strong><br \/>\nTel.: (030) 97 99 96 46<br \/>\n<span style=\"color: #ab0000;\"><a style=\"color: #ab0000;\" href=\"http:\/\/www.frauenprojekte-bora.de\">www.frauenprojekte-bora.de<\/a><\/span><\/p>\n<p>Kriseninterventionszentrum der Psychiatrischen Universit\u00e4tsklinik der Charit\u00e9 im St. Hedwig-Krankenhaus<br \/>\nHamburger Stra\u00dfe 5 -11<br \/>\n10115 Berlin<br \/>\nTel.: (030) 2311 2119<\/p>\n<p><strong>Kriseninterventionszentrum im Krankenhaus Am Urban<\/strong><br \/>\nDieffenbachstra\u00dfe 1<br \/>\n10967 Berlin-Kreuzberg<br \/>\nTel.: (030) 6972 3190<\/p>\n<p><strong>Krankenhaus Neuk\u00f6lln, Kriseninterventionszentrum<\/strong><br \/>\nRudower Stra\u00dfe 48<br \/>\n12351 Berlin<br \/>\nTel.: (030) 6004 2229<\/p>\n<p><strong>St. Joseph-Krankenhaus in Berlin-Weissensee<\/strong><br \/>\nGartenstra\u00dfe 1<br \/>\n13088 Berlin<br \/>\nTel.: (030) 9 27 90 &#8211; 0<br \/>\nFax: (030) 92 79 07 00<br \/>\nDie Traumastation des St. Joseph-Krankenhauses in Weissensee hat keine Akutaufnahme.<\/p>\n<p><strong>Krisenhaus Manetstra\u00dfe, Caritasverband f\u00fcr Berlin e.V.<\/strong><br \/>\nHilfe f\u00fcr Menschen in Krisen<br \/>\nManetstra\u00dfe 83<br \/>\n13053 Berlin-Hohensch\u00f6nhausen<br \/>\nTel.: (030) 986 4901<\/p>\n<p><strong>Weglaufhaus Villa St\u00f6ckle<\/strong><br \/>\nVerein zum Schutz vor psychiatrischer Gewalt e.V.<\/p>\n<p>Postfach 280 427, 13444 Berlin<br \/>\nTel.: (030) 406 321 46<br \/>\n<span style=\"color: #ab0000;\"><a style=\"color: #ab0000;\" href=\"http:\/\/www.weglaufhaus.de\">www.weglaufhaus.de<\/a><\/span><br \/>\nBeratungsstelle<br \/>\nKreutzigerstra\u00dfe 18<br \/>\n10247 Berlin<br \/>\nTel.: (030) 97 89 44 36<\/p>\n<hr>\n<h3><span style=\"color: #ab0000;\">Kinder, Jugendliche und junge Frauen<\/span><\/h3>\n<p><strong>Hotline Kinderschutz des Landes Berlin: rund um die Uhr<\/strong><br \/>\nTelefonisches Beratungs- und Unterst\u00fctzungsangebot und Anlaufstelle<br \/>\nTel. (030) 61 00 66<br \/>\n<span style=\"color: #ab0000;\"><a style=\"color: #ab0000;\" href=\"http:\/\/www.Berliner-notdienst-kinderschutz.de\/hotline_kinderschutz.html\">www.Berliner-notdienst-kinderschutz.de\/hotline_kinderschutz.html<\/a><\/span><\/p>\n<p><strong>Kindernotdienst: rund um die Uhr<\/strong><br \/>\nBeratung und Hilfe f\u00fcr Kinder und Eltern, in Obhutnahme von Kindern bis 14 Jahren in Not- und Krisensituationen<br \/>\nGitschiner Str. 48\/49, 10969 Berlin<br \/>\nTel. (030) 61 00 61<br \/>\n<span style=\"color: #ab0000;\"><a style=\"color: #ab0000;\" href=\"http:\/\/www.Berliner-notdienst-kinderschutz.de\/kindernotdienst.html\">www.Berliner-notdienst-kinderschutz.de\/kindernotdienst.html<\/a><\/span><\/p>\n<p><strong>Jugendnotdienst: rund um die Uhr<\/strong><br \/>\nBeratung und Hilfe f\u00fcr Jugendliche und Eltern, Aufnahme von Jugendlichen, 14- 18 Jahre<br \/>\nMindener Str. 14, 10589 Berlin<br \/>\nTel. (030) 61 00 62<br \/>\n<span style=\"color: #ab0000;\"><a style=\"color: #ab0000;\" href=\"http:\/\/www.Berliner-notdienst-kinderschutz.de\/jugendnotdienst.html\" target=\"_blank\" rel=\"noopener noreferrer\">www.Berliner-notdienst-kinderschutz.de\/jugendnotdienst.html<\/a><\/span><\/p>\n<p><strong>M\u00e4dchennotdienst: rund um die Uhr<\/strong><br \/>\nBeratung, Hilfe und Aufnahme f\u00fcr M\u00e4dchen und junge Frauen von 12 &#8211; 21 Jahre<br \/>\nMindener Str. 14, 10589 Berlin<br \/>\nTel. (030) 61 00 63<br \/>\n<span style=\"color: #ab0000;\"><a style=\"color: #ab0000;\" href=\"http:\/\/www.Berliner-notdienst-kinderschutz.de\/maedchennotdienst.html\" target=\"_blank\" rel=\"noopener noreferrer\">www.Berliner-notdienst-kinderschutz.de\/maedchennotdienst.html<\/a><\/span><\/p>\n<p><strong>Papatya<\/strong><br \/>\nKriseneinrichtung f\u00fcr M\u00e4dchen und junge Frauen mit Migrationshintergrund (13 bis 21 Jahre)<br \/>\nKontaktaufnahme \u00fcber Jugendnotdienst oder M\u00e4dchennotdienst (s.o.), und\/oder die zust\u00e4ndigen Jugend\u00e4mter der Bezirke oder <span style=\"color: #ab0000;\"><a style=\"color: #ab0000;\" href=\"mailto:info@papatya.org\">info@papatya.org<\/a><\/span> und <span style=\"color: #ab0000;\"><a style=\"color: #ab0000;\" href=\"mailto:beratung@papatya.org\">beratung@papatya.org<\/a><\/span><\/p>\n<p><strong>KiZ &#8211; Kind im Zentrum<\/strong><br \/>\nSozialtherapeutische Hilfen f\u00fcr sexuell missbrauchte Kinder, Jugendliche und deren Familienangeh\u00f6rige. Beratung f\u00fcr Personen, die in privaten oder professionellen Zusammenh\u00e4ngen von einem (Verdacht auf) sexuellen Missbrauch erfahren haben.<\/p>\n<p>Maxstr. 3 a, 13347 Berlin<br \/>\nTel. (030) 282 80 77<br \/>\nFax (030) 282 93 90<br \/>\n<span style=\"color: #ab0000;\"><a style=\"color: #ab0000;\" href=\"http:\/\/www.ejf.de\/einrichtungen\/beratungsstellen\/kind-im-zentrum-kiz.html\">www.ejf.de\/einrichtungen\/beratungsstellen\/kind-im-zentrum-kiz.html<\/a><\/span><\/p>\n<p><strong>Wildwasser<\/strong><br \/>\nBeratung von M\u00e4dchen und jungen Frauen zu sexueller Gewalt. Beratung von M\u00fcttern, unterst\u00fctzenden Personen und professioneller Helferinnen und Helfer, Angebot einer Interkulturellen Wohngruppe.<\/p>\n<p><strong>Beratungsstellen:<\/strong><br \/>\nWriezener Str. 10-11,13359 Berlin<br \/>\nTel.: (030) 486 28 222<br \/>\nFax: (030) 486 28 220<br \/>\n<span style=\"color: #ab0000;\"><a style=\"color: #ab0000;\" href=\"mailto:wriezener@wildwasser-berlin.de\">wriezener@wildwasser-berlin.de<\/a><\/span><br \/>\nund<br \/>\nDircksenstra\u00dfe 47, 10178 Berlin<br \/>\nTel.: (030) 282 44 27<br \/>\nFax: (030) 284 84 915<\/p>\n<p><strong>DonyA\u00ab-Interkulturelle Wohngruppe f\u00fcr M\u00e4dchen<\/strong><br \/>\nWriezener Str. 10-11, 13359 Berlin<br \/>\nTel.: (030) 48 62 82 11<br \/>\nFax: (030) 48 62 82 12<br \/>\n<span style=\"color: #ab0000;\"><a style=\"color: #ab0000;\" href=\"mailto:donya@wildwasser-berlin.de\">donya@wildwasser-berlin.de<br \/>\n<\/a><\/span><span style=\"color: #ab0000;\"><a style=\"color: #ab0000;\" href=\"http:\/\/www.wildwasser-berlin.de\">www.wildwasser-berlin.de<\/a><\/span><\/p>\n","protected":false},"excerpt":{"rendered":"<p>&nbsp; Polizei Notruf 110 Geh\u00f6rlose k\u00f6nnen im Notfall eine SMS oder ein Fax an die Berliner Polizei senden! Merkblatt \u201eNotruf per SMS vom Handy\u201c (PDF) Merkblatt in leichter Sprache (PDF) Zufluchtswohnungen Frauenzimmer e.V. Tel.: (030) 787 50 15 Frauenort-Augusta Tel.: (030) 28 59 89 77 und (030) 466 00 217 SMS f\u00fcr geh\u00f6rlose Frauen: 0160.6663778 [&hellip;]<\/p>\n","protected":false},"author":1,"featured_media":0,"parent":0,"menu_order":7,"comment_status":"closed","ping_status":"closed","template":"template-about.php","meta":{"_acf_changed":false,"inline_featured_image":false,"ngg_post_thumbnail":0,"footnotes":""},"acf":[],"_links":{"self":[{"href":"http:\/\/zufluchtswohnungen.frauenzimmer-ev.de\/arbeiten-bei-frauenzimmer\/wp-json\/wp\/v2\/pages\/34"}],"collection":[{"href":"http:\/\/zufluchtswohnungen.frauenzimmer-ev.de\/arbeiten-bei-frauenzimmer\/wp-json\/wp\/v2\/pages"}],"about":[{"href":"http:\/\/zufluchtswohnungen.frauenzimmer-ev.de\/arbeiten-bei-frauenzimmer\/wp-json\/wp\/v2\/types\/page"}],"author":[{"embeddable":true,"href":"http:\/\/zufluchtswohnungen.frauenzimmer-ev.de\/arbeiten-bei-frauenzimmer\/wp-json\/wp\/v2\/users\/1"}],"replies":[{"embeddable":true,"href":"http:\/\/zufluchtswohnungen.frauenzimmer-ev.de\/arbeiten-bei-frauenzimmer\/wp-json\/wp\/v2\/comments?post=34"}],"version-history":[{"count":3,"href":"http:\/\/zufluchtswohnungen.frauenzimmer-ev.de\/arbeiten-bei-frauenzimmer\/wp-json\/wp\/v2\/pages\/34\/revisions"}],"predecessor-version":[{"id":278,"href":"http:\/\/zufluchtswohnungen.frauenzimmer-ev.de\/arbeiten-bei-frauenzimmer\/wp-json\/wp\/v2\/pages\/34\/revisions\/278"}],"wp:attachment":[{"href":"http:\/\/zufluchtswohnungen.frauenzimmer-ev.de\/arbeiten-bei-frauenzimmer\/wp-json\/wp\/v2\/media?parent=34"}],"curies":[{"name":"wp","href":"https:\/\/api.w.org\/{rel}","templated":true}]}}